{"id":16341,"date":"2018-05-04T16:54:27","date_gmt":"2018-05-04T14:54:27","guid":{"rendered":"http:\/\/baeckerei-brunner.it\/ratschings-ridnaun\/?page_id=16341"},"modified":"2018-05-04T17:24:30","modified_gmt":"2018-05-04T15:24:30","slug":"kundenmeinungen","status":"publish","type":"page","link":"https:\/\/www.baeckerei-brunner.it\/ratschings-ridnaun\/kundenmeinungen\/","title":{"rendered":"Kundenmeinungen"},"content":{"rendered":"<div class=\"wpb-content-wrapper\"><p>[vc_row row_type=&#8220;row&#8220; type=&#8220;full_width&#8220; text_align=&#8220;left&#8220;][vc_column width=&#8220;1\/1&#8243;]<div class='testimonials_holder clearfix dark'><div class=\"testimonials testimonials_carousel\" data-show-navigation=\"yes\" data-animation-type=\"fade\" data-animation-speed=\"\" data-auto-rotate-slides=\"0\"><ul class=\"slides\"><li id=\"testimonials17006\" class=\"testimonial_content\"><div class=\"testimonial_content_inner\"><div class=\"testimonial_text_holder\"><div class=\"testimonial_text_inner\" style=\"\"><p>Gr\u00fcezi mitenand!\r\nIm meinem Urlaub habe ich in Sterzing Ihr k\u00f6stliches \u00abRidnauer Knusper\u00bb S\u00e4ckli gekauft.\r\nDas ist sooo fein, kann gar nicht mehr aufh\u00f6ren zu essen.<\/p><p class=\"testimonial_author\" style=\"font-weight: 500;\">Miriam aus der Schweiz<\/p><\/div><\/div><\/div><\/li><li id=\"testimonials16446\" class=\"testimonial_content\"><div class=\"testimonial_content_inner\"><div class=\"testimonial_text_holder\"><div class=\"testimonial_text_inner\" style=\"\"><p>Vorab und ganz zuerst m\u00f6chten wir Ihnen zum wohl \u201eweltbesten\u201c Sch\u00fcttelbrot gratulieren und danken! Es schmeckt uns so sehr - und seit wir aus dem Skiurlaub dieses Sch\u00fcttelbrot mit in die Schweiz nach Hause mitgenommen haben, k\u00f6nnen wir kein anderes Sch\u00fcttelbrot-Produkt mehr so richtig geniessen.\r\n\r\nEben Heute haben wir nun die letzte, eiserne Reserve dieser K\u00f6stlichkeit aufgetischt und wiederum sehr genossen......\r\n\r\nLeider sind die Vorzeichen f\u00fcr Urlaube und andere Reiset\u00e4tigkeiten doch sehr eigeschr\u00e4nkt und auch nur bedingt m\u00f6glich, so dass wir nun innert Tagen \u201eauf dem Trockenen\u201c sitzen....<\/p><p class=\"testimonial_author\" style=\"font-weight: 500;\">Ueli aus Z\u00fcrich<\/p><\/div><\/div><\/div><\/li><li id=\"testimonials16428\" class=\"testimonial_content\"><div class=\"testimonial_content_inner\"><div class=\"testimonial_text_holder\"><div class=\"testimonial_text_inner\" style=\"\"><p>Das ist wirklich das beste Sch\u00fcttelbrot, dass ich kenne!!!<\/p><p class=\"testimonial_author\" style=\"font-weight: 500;\">Heidi M.- Rosenheim <\/p><\/div><\/div><\/div><\/li><li id=\"testimonials16382\" class=\"testimonial_content\"><div class=\"testimonial_content_inner\"><div class=\"testimonial_text_holder\"><div class=\"testimonial_text_inner\" style=\"\"><p>\u2026..das Ridnauner Knusper ist wahnsinnig gut\u2026.<\/p><p class=\"testimonial_author\" style=\"font-weight: 500;\">Christoph Eggarter<\/p><\/div><\/div><\/div><\/li><li id=\"testimonials16381\" class=\"testimonial_content\"><div class=\"testimonial_content_inner\"><div class=\"testimonial_text_holder\"><div class=\"testimonial_text_inner\" style=\"\"><p>Sehr geehrte Familie Brunner,\r\nwir haben uns vergangenes Wochenende in Innsbruck Ihr Ridnauer Knusper gekauft und waren regelrecht begeistert davon.\r\nBest\u00fcnde die M\u00f6glichkeit dieses bei Ihnen k\u00e4uflich zu erwerben und uns dieses zu senden?<\/p><p class=\"testimonial_author\" style=\"font-weight: 500;\">Reinhold Heigl <\/p><\/div><\/div><\/div><\/li><li id=\"testimonials16378\" class=\"testimonial_content\"><div class=\"testimonial_content_inner\"><div class=\"testimonial_text_holder\"><div class=\"testimonial_text_inner\" style=\"\"><p>Sehr geehrte Familie Brunner,\r\n\r\nWir haben Ihr Sch\u00fcttelbrot in Sterzing bei der Firma Hofer entdeckt. Es ist das BESTE weit und breit. Wir bereisen seit vielen Jahren S\u00fcdtirol und haben schon sehr, sehr viele Sch\u00fcttelbrote verzehrt, aber Ihres ist einfach genial. Grosses Kompliment. Auch das Ridnauner Knusper ist hervorragend gelungen.\r\nBekommen wir dies auch irgendwo in M\u00fcnchen?\r\n\r\nMachen Sie weiter so, wir bleiben dann treue Kunden.\r\nMit besten Gr\u00fcssen aus Bayern<\/p><p class=\"testimonial_author\" style=\"font-weight: 500;\">Regina Bolay <\/p><\/div><\/div><\/div><\/li><li id=\"testimonials16377\" class=\"testimonial_content\"><div class=\"testimonial_content_inner\"><div class=\"testimonial_text_holder\"><div class=\"testimonial_text_inner\" style=\"\"><p>Hallo und sch\u00f6nen guten Tag Familie Brunner, wir haben im Feuerstein Resort Ihr superleckeres Sch\u00fcttelbrot gegessen.\r\nLeider hat unser Vorrat nicht lange gehalten. Es macht s\u00fcchtig.<\/p><p class=\"testimonial_author\" style=\"font-weight: 500;\">Julia Thielmann - Florenz<\/p><\/div><\/div><\/div><\/li><li id=\"testimonials16368\" class=\"testimonial_content\"><div class=\"testimonial_content_inner\"><div class=\"testimonial_text_holder\"><div class=\"testimonial_text_inner\" style=\"\"><p>Liebe Frau Brunner,\r\n\r\nich gehe morgen vormittag zu der B\u00e4ckerei in M\u00fcnchen. Habe schon mit ihr telefoniert und ...sie hat Knusper im Haus!\r\nDer Tag die Woche sind gerettet!\r\nVielen Dank f\u00fcr Ihre Hilfe und herzliche Gr\u00fc\u00dfe aus M\u00fcnchen!<\/p><p class=\"testimonial_author\" style=\"font-weight: 500;\">Nathalie Meinecke<\/p><\/div><\/div><\/div><\/li><li id=\"testimonials16367\" class=\"testimonial_content\"><div class=\"testimonial_content_inner\"><div class=\"testimonial_text_holder\"><div class=\"testimonial_text_inner\" style=\"\"><p>Hallo!\r\nWir lieben Ihr Sch\u00fcttelbrot!!!!\r\nIch vermute dass sie es noch nicht ins Ausland (Deutschland) verschicken?\r\n\r\nLiebe Gr\u00fc\u00dfe, Klaus und Roswitha Wodtke\r\n\r\nP.S. Mein Vater war geb\u00fcrtig aus Ratschings<\/p><p class=\"testimonial_author\" style=\"font-weight: 500;\">Klaus und Roswitha Wodtke<\/p><\/div><\/div><\/div><\/li><li id=\"testimonials16360\" class=\"testimonial_content\"><div class=\"testimonial_content_inner\"><div class=\"testimonial_text_holder\"><div class=\"testimonial_text_inner\" style=\"\"><p>Guten Tag Frau Brunner,\r\nich bin die Schwester von Christian Dauscher und bin infiziert....:-) Dieses Chili-Sch\u00fcttelbrot hat meinen Mann und mich gestern Abend vom Hocker gehauen! Mein Bruder hat es zum Abendessen mitgebracht. :))\r\nSo knackig und lecker! Auch ich wohne in der N\u00e4he von Mainz. Gibt es die M\u00f6glichkeit, eine Lieferung zu uns abzusenden?\r\n\r\nHerzliche Gr\u00fc\u00dfe aus Nieder-Olm, Linda Wolny<\/p><p class=\"testimonial_author\" style=\"font-weight: 500;\">Linda Wolny<\/p><\/div><\/div><\/div><\/li><li id=\"testimonials16354\" class=\"testimonial_content\"><div class=\"testimonial_content_inner\"><div class=\"testimonial_text_holder\"><div class=\"testimonial_text_inner\" style=\"\"><p>Liebe Frau Brunner,\r\nes war tats\u00e4chlich ein Erwachen...jahrelang mit zu dickem und zu hartem Sch\u00fcttelbrot...nicht gut...!:))....Wir leben hier bei Mainz in Rheinland Pfalz....leider ist keins der von Ihnen belieferten Gesch\u00e4fte dabei...ich w\u00fcrde sogar die hohen Portokosten zahlen und vorab \u00fcberweisen:)\r\n\r\nEinen lieben Gru\u00df !\r\nChristian Dauscher<\/p><p class=\"testimonial_author\" style=\"font-weight: 500;\">Christian Dauscher<\/p><\/div><\/div><\/div><\/li><li id=\"testimonials8670\" class=\"testimonial_content\"><div class=\"testimonial_content_inner\"><div class=\"testimonial_text_holder\"><div class=\"testimonial_text_inner\" style=\"\"><p>Ich m\u00f6chte meinen Lob f\u00fcr die Ridnauner Knusper aussprechen. Dieses geniale Produkt macht meine \"Pause zwischendurch\" zu einem gesunden Genussmoment. Ich liebe sie einfach \u00fcber alles! \ud83d\ude42\r\n\r\nLiebe B\u00e4cker: echt gut gemacht!<\/p><p class=\"testimonial_author\" style=\"font-weight: 500;\">Melanie Gschwenter | Sterzing\/Bozen<\/p><\/div><\/div><\/div><\/li><\/ul><\/div><\/div>[\/vc_column][\/vc_row]<\/p>\n<\/div>","protected":false},"excerpt":{"rendered":"<p>[vc_row row_type=&#8220;row&#8220; type=&#8220;full_width&#8220; text_align=&#8220;left&#8220;][vc_column width=&#8220;1\/1&#8243;][\/vc_column][\/vc_row]<\/p>\n","protected":false},"author":4,"featured_media":0,"parent":0,"menu_order":0,"comment_status":"closed","ping_status":"open","template":"","meta":{"footnotes":""},"class_list":["post-16341","page","type-page","status-publish","hentry"],"_links":{"self":[{"href":"https:\/\/www.baeckerei-brunner.it\/ratschings-ridnaun\/wp-json\/wp\/v2\/pages\/16341","targetHints":{"allow":["GET"]}}],"collection":[{"href":"https:\/\/www.baeckerei-brunner.it\/ratschings-ridnaun\/wp-json\/wp\/v2\/pages"}],"about":[{"href":"https:\/\/www.baeckerei-brunner.it\/ratschings-ridnaun\/wp-json\/wp\/v2\/types\/page"}],"author":[{"embeddable":true,"href":"https:\/\/www.baeckerei-brunner.it\/ratschings-ridnaun\/wp-json\/wp\/v2\/users\/4"}],"replies":[{"embeddable":true,"href":"https:\/\/www.baeckerei-brunner.it\/ratschings-ridnaun\/wp-json\/wp\/v2\/comments?post=16341"}],"version-history":[{"count":11,"href":"https:\/\/www.baeckerei-brunner.it\/ratschings-ridnaun\/wp-json\/wp\/v2\/pages\/16341\/revisions"}],"predecessor-version":[{"id":16357,"href":"https:\/\/www.baeckerei-brunner.it\/ratschings-ridnaun\/wp-json\/wp\/v2\/pages\/16341\/revisions\/16357"}],"wp:attachment":[{"href":"https:\/\/www.baeckerei-brunner.it\/ratschings-ridnaun\/wp-json\/wp\/v2\/media?parent=16341"}],"curies":[{"name":"wp","href":"https:\/\/api.w.org\/{rel}","templated":true}]}}